210996213?
1
What is the thousands digit of 194196252?
6
What is the units digit of 236826366?
6
What is the ten thousands digit of 37888463?
8
What is the hundred millions digit of 313795006?
3
What is the tens digit of 3877756888?
8
What is the thousands digit of 101067958?
7
What is the hundred millions digit of 2521241267?
5
What is the ten millions digit of 46246397?
4
What is the tens digit of 670781969?
6
What is the millions digit of 142398651?
2
What is the hundred millions digit of 172357484?
1
What is the ten millions digit of 83478109?
8
What is the thousands digit of 4594350484?
0
What is the units digit of 188871444?
4
What is the tens digit of 585426073?
7
What is the ten millions digit of 108508594?
0
What is the millions digit of 2628700574?
8
What is the tens digit of 761390336?
3
What is the hundred millions digit of 268444695?
2
What is the hundreds digit of 153174248?
2
What is the units digit of 2380385609?
9
What is the hundred millions digit of 367465817?
3
What is the units digit of 3935071?
1
What is the units digit of 107872543?
3
What is the ten millions digit of 4251096548?
5
What is the thousands digit of 1595299551?
9
What is the ten thousands digit of 45334732?
3
What is the thousands digit of 133059782?
9
What is the ten thousands digit of 4197112196?
1
What is the millions digit of 132027439?
2
What is the ten thousands digit of 5975564860?
6
What is the ten millions digit of 50645543?
5
What is the ten millions digit of 47369602?
4
What is the hundred thousands digit of 54949716?
9
What is the hundred thousands digit of 721780418?
7
What is the millions digit of 527525663?
7
What is the hundred thousands digit of 657415388?
4
What is the millions digit of 5731357137?
1
What is the millions digit of 420905263?
0
What is the millions digit of 554963725?
4
What is the hundred thousands digit of 149400815?
4
What is the hundreds digit of 1429556602?
6
What is the millions digit of 9243009?
9
What is the millions digit of 87367311?
7
What is the millions digit of 56650015?
6
What is the tens digit of 18359226?
2
What is the millions digit of 40389209?
0
What is the units digit of 235528614?
4
What is the ten millions digit of 29458314?
2
What is the millions digit of 178965950?
8
What is the billions digit of 3278741089?
3
What is the hundred millions digit of 2104806412?
1
What is the hundreds digit of 1184121423?
4
What is the thousands digit of 430686618?
6
What is the hundred thousands digit of 16455277?
4
What is the ten thousands digit of 16691396?
9
What is the thousands digit of 130036955?
6
What is the tens digit of 499273051?
5
What is the thousands digit of 995074760?
4
What is the tens digit of 7804051?
5
What is the millions digit of 254435567?
4
What is the units digit of 582244058?
8
What is the hundreds digit of 189956471?
4
What is the millions digit of 1441275798?
1
What is the units digit of 6758981854?
4
What is the billions digit of 1142039945?
1
What is the units digit of 40946309?
9
What is the ten thousands digit of 40121516?
2
What is the hundred thousands digit of 5290266293?
2
What is the ten thousands digit of 72266139?
6
What is the thousands digit of 147902027?
2
What is the billions digit of 1911722245?
1
What is the ten thousands digit of 986858589?
5
What is the millions digit of 351762707?
1
What is the hundreds digit of 37250332?
3
What is the units digit of 41109344?
4
What is the units digit of 1432054172?
2
What is the hundred thousands digit of 4642950536?
9
What is the ten millions digit of 306158960?
0
What is the hundred thousands digit of 221316340?
3
What is the thousands digit of 4269714?
9
What is the ten millions digit of 813684983?
1
What is the ten thousands digit of 1892018305?
1
What is the hundreds digit of 104814607?
6
What is the thousands digit of 2768183784?
3
What is the ten thousands digit of 6308963167?
6
What is the ten thousands digit of 5383753246?
5
What is the units digit of 11984738?
8
What is the units digit of 4917136323?
3
What is the hundred thousands digit of 6647306?
6
What is the ten thousands digit of 731045359?
4
What is the tens digit of 375873991?
9
What is the ten thousands digit of 250625714?
2
What is the thousands digit of 37853516?
3
What is the ten thousands digit of 25422878?
2
What is the hundreds digit of 31803150?
1
What is the ten millions digit of 42201415?
4
What is the thousands digit of 925865363?
5
What is the ten millions digit of 333918304?
3
What is the units digit of 1647799354?
4
What is the billions digit of 2534610561?
2
What is the billions digit of 5666850520?
5
What is the hundreds digit of 26457183?
1
What is the tens digit of 228308533?
3
What is the ten millions digit of 25464106?
2
What is the hundred millions digit of 181491832?
1
What is the ten millions digit of 83096701?
8
What is the millions digit of 304516845?
4
What is the thousands digit of 410811272?
1
What is the hundreds digit of 23997032?
0
What is the ten thousands digit of 2162370829?
7
What is the hundreds digit of 57656475?
4
What is the millions digit of 137463373?
7
What is the hundreds digit of 584711399?
3
What is the millions digit of 2270161741?
0
What is the ten thousands digit of 64741116?
4
What is the millions digit of 46141872?
6
What is the tens digit of 21231458?
5
What is the tens digit of 158226969?
6
What is the ten thousands digit of 93230206?
3
What is the hundred millions digit of 282310255?
2
What is the ten millions digit of 720865337?
2
What is the hundreds digit of 15238874?
8
What is the hundreds digit of 1313370679?
6
What is the hundred millions digit of 135471066?
1
What is the ten thousands digit of 79649479?
4
What is the hundred millions digit of 251213970?
2
What is the hundreds digit of 34809356?
3
What is the hundred thousands digit of 325193372?
1
What is the tens digit of 87800649?
4
What is the millions digit of 36136243?
6
What is the hundreds digit of 33984025?
0
What is the millions digit of 79944770?
9
What is the hundred millions digit of 8404391244?
4
What is the ten millions digit of 141793608?
4
What is the hundred millions digit of 346553922?
3
What is the tens digit of 149386051?
5
What is the millions digit of 53910391?
3
What is the hundred thousands digit of 1067154612?
1
What is the ten millions digit of 980666388?
8
What is the hundred thousands digit of 174995073?
9
What is the ten millions digit of 2246191036?
4
What is the ten thousands digit of 1021456865?
5
What is the hundred thousands digit of 66655544?
6
What is the units digit of 155586398?
8
What is the millions digit of 9548542?
9
What is the millions digit of 156972577?
6
What is the ten thousands digit of 33455168?
5
What is the ten thousands digit of 2185723340?
2
What is the thousands digit of 135252658?
2
What is the millions digit of 123506216?
3
What is the ten thousands digit of 129959612?
5
What is the units digit of 103163431?
1
What is the thousands digit of 738908474?
8
What is the thousands digit of 1237979480?
9
What is the ten millions digit of 139227770?
3
What is the hundred millions digit of 566543807?
5
What is the ten millions digit of 32800244?
3
What is the ten thousands digit of 186575229?
7
What is the ten millions digit of 247374191?
4
What is the tens digit of 44469039?
3
What is the ten thousands digit of 36681636?
8
What is the units digit of 34049597?
7
What is the hundreds digit of 24450804?
8
What is the ten thousands digit of 49555766?
5
What is the units digit of 446806804?
4
What is the hundreds digit of 65344447?
4
What is the hundred thousands digit of 46406818?
4
What is the hundred millions digit of 133814346?
1
What is the hundred thousands digit of 3108449703?
4
What is the thousands digit of 331819924?
9
What is the ten millions digit of 25858690?
2
What is the hundred thousands digit of 104094303?
0
What is the ten millions digit of 1728200487?
2
What is the tens digit of 24089202?
0
What is the ten thousands digit of 61635957?
3
What is the tens digit of 422567524?
2
What is the hundreds digit of 12798809?
8
What is the ten thousands digit of 18918519?
1
What is the units digit of 118202589?
9
What is the ten thousands digit of 34129978?
2
What is the ten millions digit of 302835456?
0